ivided by 6.
3
Suppose -2*h + 3*m = -1127, -5*h - 5*m + 1264 = -1516. Calculate the remainder when h is divided by 140.
139
Suppose 2*a - 218 = 3*z - z, 3*z - 6 = 0. Let c = a + -75. What is the remainder when 69 is divided by c?
33
Let v(u) = -u - 8 - 4 - 3*u. Let n(f) = -71*f + 63. Let x be n(1). Calculate the remainder when 57 is divided by v(x).
17
Suppose -4*l - 17 = -33. Suppose 15 - 43 = -l*q. What is the remainder when (-1 - -32) + (-1 - -2) is divided by q?
4
Let o be (-72)/(-10) - (-8)/(-40). Suppose 0*r - o = -2*r + x, 4*x = r. Suppose r*c = -c + 80. Calculate the remainder when 31 is divided by c.
15
Suppose -v = u + 2*v - 48, 3*u + 3*v - 120 = 0. Let c = -34 + u. What is the remainder when 12 is divided by c?
0
Let j(i) = i**3 + 4*i - 4. Let t(b) = -b**2 + 7*b + 11. Let c(u) = 8*u. Let h be c(1). What is the remainder when t(h) is divided by j(1)?
0
Let n(m) = m**3 - 6*m**2 + 5*m. Let z be n(2). Let j = z - -28. What is the remainder when 64 is divided by j?
20
Suppose 3*p = 212 + 40. Let d = 14 + 8. Calculate the remainder when p is divided by d.
18
What is the remainder when 107 is divided by (-8)/(-6)*705/20?
13
Suppose 10*c + 192 = 6*c. Let o = c - -68. Calculate the remainder when 38 is divided by o.
18
Let k be ((-58)/8)/(2/(-8)). Suppose -11 = 5*n + k. Let p = n - -13. Calculate the remainder when 13 is divided by p.
3
Suppose 2*z - 3 = 5*z. Let q(j) = 136*j**2 - 2*j - 1. Let y be q(z). Let u = -59 + y. What is the remainder when u is divided by 27?
24
Suppose -3*m + 3*b + 2*b + 158 = 0, -3*m - 5*b = -148. What is the remainder when 509 is divided by m?
50
Let l(o) = o**2 + 12*o - 4. Calculate the remainder when 93 is divided by l(2).
21
Let n(h) = h**3 + 19*h**2 + h + 19. Let f be n(-19). Suppose 2*b + 0*b - 72 = f. What is the remainder when 69 is divided by b?
33
Let a = 63 - -71. Calculate the remainder when a is divided by 69.
65
Suppose -f - 6 = 0, -2*i + 40 = 2*f - 52. Let d = 54 + -35. What is the remainder when i is divided by d?
14
Suppose 2*j = 3*j - 3. Suppose 9 = 3*z + 3*h, 4*h = -0*z - j*z + 7. Suppose -t + 8 + z = 0. What is the remainder when t is divided by 4?
1
Calculate the remainder when 133 - (-10)/(-110)*0 is divided by 77.
56
Calculate the remainder when 468 is divided by (-134)/(-4)*(4 - (5 + -3)).
66
Suppose 2*b - 4*x = 21 + 7, 4*b - 3*x = 76. Let a(c) = c**2 - 10*c - 12. Calculate the remainder when a(16) is divided by b.
18
Let f(j) = 6*j**2 - 6*j + 8. What is the remainder when f(3) is divided by 13?
5
Suppose -3*o + 1780 + 498 = -2*c, 3*c = o - 757. Calculate the remainder when o is divided by 51.
46
Let h(f) = -5 - 3 + 7 - 6 - 3*f. Suppose -4*g = 5*l + 14, 3*g - 3*l = -l - 22. Calculate the remainder when 42 is divided by h(g).
9
Let g = -110 + 122. What is the remainder when g is divided by 7?
5
Let j = 1478 + -1463. Calculate the remainder when 54 is divided by j.
9
Calculate the remainder when 229 is divided by (-39)/91 + (-818)/28*-2.
55
Suppose 4*w - 12 = 4. Calculate the remainder when 18 is divided by 6/12 + 6/w - -2.
2
Suppose -5 = -l, -2*y + 5*l + 62 + 175 = 0. Calculate the remainder when 511 is divided by y.
118
Suppose -8*f = -68 + 172. Let v(j) = -j**2 - 14*j + 11. Calculate the remainder when 44 is divided by v(f).
20
Let f = 1659 + -1640. Calculate the remainder when 645 is divided by f.
18
Suppose -1 - 1 = u - 3*c, -2*u - 2*c = -36. Suppose 2*x + 2*x - 188 = -4*q, -135 = -3*q - 5*x. Calculate the remainder when q is divided by u.
11
Suppose 29 = -5*a + 114. What is the remainder when 30 is divided by a/(2/(-4)*(4 - 6))?
13
Calculate the remainder when 4312/70 - -3*(-6)/(-45) is divided by 1 + 21 - 3 - 3.
14
Let v(z) = z**3 - 13*z**2 + 11*z + 12. Let t be v(12). Suppose -2*f + 5*m - 12 = -4*f, -5*f + 2*m + 88 = t. What is the remainder when 109 is divided by f?
13
Let r(b) = 4*b**3 - 19*b**2 - 4*b + 11. Calculate the remainder when 204 is divided by r(5).
12
Let h = -1586 - -1709. Calculate the remainder when h is divided by 26.
19
Suppose -52*k = -57*k - 5*f + 185, -5*k + 14*f = -318. Let d = -6 - -30. Calculate the remainder when k is divided by d.
20
Let v = 131 - 81. Calculate the remainder when 494 is divided by v.
44
Suppose 0 = -11*n + 9*n + 2*w - 4, w - 2 = 0. Suppose -z - 5*z + 108 = n. What is the remainder when 33 is divided by z?
15
Calculate the remainder when 208 is divided by (-4)/6 + (-276)/(-9).
28
Suppose -l - 3 = 0, -6*l = -4*x - 5*l + 623. What is the remainder when x is divided by 53?
49
Suppose 3*u - 49 = 158. Suppose 95 - u = d. What is the remainder when d is divided by 9?
8
Let z(b) = -1 - 5 + 8*b - 1 + 1. Suppose -26*w - 198 = -28*w. What is the remainder when w is divided by z(5)?
31
Let j be (-3)/(-3) - (-24)/(-6). Let d(x) = -3*x**3 - 6*x**2 + 4*x + 6. What is the remainder when d(j) is divided by 13?
8
Let x(b) = 3*b**2 + 2*b + 59. Calculate the remainder when x(15) is divided by 48.
44
Suppose 1176 = -413*n + 416*n. Calculate the remainder when n is divided by 10.
2
Let h(j) = -j + 7. Suppose -5*v + 223 = -2*t, 4*v = -0*t + 2*t + 218. Let d = -52 - t. Calculate the remainder when d is divided by h(-5).
11
Let f be (-3)/(-21) + (-68)/(-14). Suppose w = -2*b + 173, 264 = f*b + w - 170. Let o = b + -46. What is the remainder when o is divided by 11?
8
Let j(l) = -7*l**2 + 48*l + 9. Let b = -5 - -13. Calculate the remainder when j(6) is divided by b.
5
Suppose -17*d = 79 + 193. Let p = -11 + 18. Calculate the remainder when 69 is divided by 1 - d - (p + -4).
13
Let g(o) = 5*o**2 - 11*o + 67. Let w(i) = 6*i**2 - 10*i + 67. Let b(u) = 7*g(u) - 6*w(u). Calculate the remainder when 116/6 + (-2)/6 is divided by b(-20).
5
Suppose 53*b - 50*b + 2*m = 137, 5*m = -4*b + 178. What is the remainder when 142 is divided by b?
1
Let u = -1 - -6. Let a(j) = 4*j + 74. Let o be a(-21). What is the remainder when -2 + u/(o/(-44)) is divided by 7?
6
Let d be 26*(-3)/(-4)*-2. Let i = d - -51. What is the remainder when 27 is divided by i?
3
Suppose 3*k - 42 = -4*k. Calculate the remainder when 2/k*(220 - -2) is divided by 19.
17
Let p(u) = u**3 + 7*u**2 - 6. Let k be p(-7). What is the remainder when 46*k/(-9)*3 is divided by 114/3*(55/(-22))/(-5)?
16
What is the remainder when 285 is divided by (-2 - 0)*-2 - -2?
3
Let t = -391 - -401. What is the remainder when t is divided by ((-9)/(-6))/((-9)/(-24))?
2
Suppose 3*i - 215 = 5*c + 263, 0 = -5*c + 20. What is the remainder when i is divided by 13?
10
Suppose -48*k + 1118 = -22*k. Calculate the remainder when 170 is divided by k.
41
Suppose -9*x + 7*x + 4*l + 40 = 0, -x - l + 8 = 0. Calculate the remainder when 127 is divided by x.
7
Suppose 5*i + 2*l = 354, -5*i - 5*l + 348 = -l. What is the remainder when 140 is divided by i?
68
Suppose 20*a - 6 - 214 = 0. Let o(b) = -b**2 + 7*b - 5. What is the remainder when a is divided by o(4)?
4
Suppose 0 = 13*d - 159 - 270. What is the remainder when d is divided by 8?
1
Suppose 4*a + 24 = -0*z + 2*z, -2*a = 3*z + 4. Suppose -429 = -5*l - g, -11 = -z*g - 3. What is the remainder when l is divided by 29?
27
Suppose 1 = -3*y + 4. Let r(l) = -l**2. Let j(t) = -45*t**2. Let s(f) = j(f) - 54*r(f). Calculate the remainder when 33 is divided by s(y).
6
Suppose -2*x - 127 - 18 = -5*m, -5*m - x = -130. What is the remainder when m is divided by 15?
12
Let d = -629 + 716. Calculate the remainder when 2783 is divided by d.
86
Let i be 4 + 16/(3 - 7). Suppose 11 = b - i. What is the remainder when b is divided by 5?
1
Suppose 19*r = 11*r + 832. What is the remainder when r is divided by 21?
20
Suppose -5*w + 258 = -l, 0 = 2*w - 3*l - 138 + 27. Calculate the remainder when w is divided by 27.
24
Let h = 1430 + -1365. Calculate the remainder when 66 is divided by h.
1
Let y = -297 - -358. Calculate the remainder when y is divided by 38.
23
Let c = 378 - 361. Calculate the remainder when 2 - (-82 + 2) - 0 is divided by c.
14
Let l = 33 - 32. What is the remainder when 12 is divided by (-3)/(-6)*l*6?
0
Let s = -1592 + 1857. What is the remainder when s is divided by 131?
3
Suppose -5*h - 2*i + 850 = 0, -3*h + 7*h + 4*i = 680. Calculate the remainder when h is divided by 5.
0
Let w(o) = o**2 + 7*o - 4. Let f be w(-6). Let y(m) = m**3 + 11*m**2 + 9*m + 14. Calculate the remainder when y(f) is div